44265 and 585.
195
Calculate the highest common divisor of 5 and 3218180.
5
Calculate the greatest common factor of 72 and 38196.
36
What is the highest common divisor of 747 and 12121071?
249
Calculate the greatest common factor of 11255 and 45.
5
Calculate the highest common factor of 7533 and 10827.
27
Calculate the greatest common factor of 8387931 and 67.
67
What is the highest common factor of 154086 and 54?
6
Calculate the highest common factor of 20 and 770090.
10
Calculate the greatest common factor of 2936 and 9175.
367
What is the highest common factor of 1248 and 16809?
39
What is the greatest common factor of 87 and 184672?
29
Calculate the greatest common factor of 56 and 86648.
8
Calculate the greatest common factor of 3776887 and 1279.
1279
What is the greatest common divisor of 9 and 563643?
9
What is the highest common divisor of 36090 and 135?
45
What is the highest common factor of 8549 and 7107?
103
What is the greatest common divisor of 1241 and 16949?
17
Calculate the greatest common factor of 264 and 253770.
66
What is the greatest common divisor of 3980 and 1623044?
796
What is the greatest common divisor of 19 and 8197531?
19
Calculate the greatest common divisor of 28223 and 16055.
169
What is the highest common divisor of 2958 and 177378?
102
What is the highest common factor of 622 and 1508350?
622
What is the greatest common factor of 45432 and 222?
6
What is the greatest common divisor of 41925 and 387?
129
Calculate the greatest common divisor of 7737804 and 36.
36
Calculate the highest common factor of 23760 and 780.
60
Calculate the highest common divisor of 34086 and 1443.
39
What is the highest common factor of 11856 and 3536?
208
What is the greatest common factor of 82605 and 6?
3
What is the highest common divisor of 27 and 205749?
9
Calculate the greatest common factor of 1530604 and 1524.
508
What is the greatest common divisor of 4992 and 36480?
384
Calculate the greatest common factor of 405761 and 796.
199
What is the greatest common factor of 83440 and 1505?
35
What is the greatest common factor of 22218 and 1302?
42
Calculate the highest common factor of 39760 and 24424.
568
Calculate the highest common factor of 11096 and 5168.
152
Calculate the greatest common factor of 9684 and 204440.
1076
What is the greatest common divisor of 22 and 1852?
2
What is the greatest common divisor of 25807 and 1048?
131
Calculate the greatest common factor of 680 and 1210.
10
What is the highest common divisor of 13982381 and 119?
119
Calculate the greatest common factor of 51575 and 2450.
25
Calculate the greatest common divisor of 101314 and 26134.
358
What is the highest common divisor of 4635 and 1215?
45
What is the highest common factor of 4589 and 13?
13
Calculate the greatest common factor of 1707769 and 226.
113
What is the greatest common divisor of 365577 and 466?
233
Calculate the highest common divisor of 153442 and 170.
34
What is the highest common divisor of 83847 and 285?
57
What is the highest common factor of 34410 and 10230?
930
What is the highest common factor of 580701 and 132?
33
Calculate the highest common factor of 8 and 6822868.
4
What is the highest common divisor of 82 and 14660575?
41
Calculate the highest common divisor of 243326 and 267.
89
Calculate the greatest common divisor of 444741 and 66.
33
What is the greatest common factor of 1804 and 132?
44
What is the greatest common factor of 1362 and 900736?
454
Calculate the highest common divisor of 94012 and 19.
19
Calculate the highest common divisor of 111920 and 1680.
80
What is the greatest common factor of 13386 and 25899?
291
Calculate the greatest common factor of 24641 and 1681.
41
Calculate the greatest common divisor of 7616 and 1134.
14
What is the greatest common factor of 26310 and 30?
30
What is the highest common factor of 6318 and 22282?
26
What is the highest common factor of 450 and 142335?
45
Calculate the highest common divisor of 60398 and 1794.
598
What is the greatest common divisor of 1727906 and 106?
106
What is the highest common divisor of 162 and 1233?
9
Calculate the greatest common factor of 173126 and 5350.
214
What is the greatest common factor of 14 and 6538?
14
What is the greatest common divisor of 214 and 3372319?
107
What is the greatest common divisor of 4352 and 731?
17
Calculate the highest common divisor of 905464 and 38.
38
Calculate the greatest common divisor of 5191 and 5597.
29
What is the greatest common factor of 826 and 45206?
14
Calculate the greatest common factor of 2758 and 1232.
14
Calculate the highest common factor of 45174 and 264.
6
Calculate the highest common divisor of 63774 and 162.
54
Calculate the greatest common factor of 540 and 89460.
180
Calculate the highest common divisor of 2034668 and 1084.
1084
Calculate the greatest common divisor of 71285 and 5300.
265
What is the highest common factor of 396 and 11187?
99
Calculate the greatest common divisor of 13685 and 4879.
119
What is the greatest common factor of 68 and 118694?
34
What is the highest common factor of 9 and 938763?
9
Calculate the highest common divisor of 1813 and 98833.
49
Calculate the highest common factor of 628 and 12.
4
What is the highest common divisor of 112230 and 1125?
45
Calculate the greatest common factor of 75 and 1515.
15
What is the highest common divisor of 44 and 1628836?
44
What is the greatest common factor of 19760 and 17232?
16
Calculate the highest common factor of 54 and 202869.
9
Calculate the greatest common divisor of 73703 and 49.
7
What is the highest common divisor of 515943 and 3?
3
Calculate the greatest common factor of 95174 and 4.
2
Calculate the greatest common factor of 18 and 15562233.
9
What is the greatest common factor of 198588 and 1716?
156
Calculate the highest common factor of 79996 and 28.
28
Calculate the highest common factor of 54708 and 53580.
564
Calculate the greatest common factor of 363187 and 187.
11
Calculate the highest common divisor of 375 and 29880.
15
What is the highest common factor of 7742 and 406?
14
What is the greatest common factor of 1095 and 4348975?
365
Calculate the highest common divisor of 1197925 and 25.
25
Calculate the highest common factor of 363705 and 6.
3
Calculate the highest common divisor of 502951 and 1844.
461
Calculate the greatest common factor of 13554 and 126002.
502
Calculate the greatest common divisor of 674487 and 2079.
297
What is the greatest common divisor of 11 and 485518?
11
Calculate the greatest common factor of 355401 and 2403.
27
What is the greatest common factor of 84 and 33228?
12
Calculate the greatest common factor of 249 and 1704239.
83
What is the greatest common factor of 3534420 and 10?
10
What is the highest common divisor of 836 and 4334242?
418
Calculate the highest common factor of 767 and 936.
13
What is the highest common factor of 102 and 491470?
34
Calculate the greatest common factor of 104 and 833352.
104
What is the highest common factor of 916 and 5024260?
916
What is the greatest common divisor of 564 and 896478?
282
Calculate the greatest common divisor of 92 and 108376.
92
What is the greatest common divisor of 7387 and 623?
89
What is the highest common divisor of 15079 and 391?
17
Calculate the highest common factor of 43 and 588240.
43
Calculate the highest common factor of 15392 and 1628.
148
What is the greatest common divisor of 1386809 and 238?
17
What is the greatest common factor of 219 and 921625?
73
What is the greatest common divisor of 130 and 28510?
10
Calculate the highest common factor of 414 and 4.
2
Calculate the greatest common factor of 32513740 and 70.
70
Calculate the greatest common factor of 2298992 and 16.
16
What is the greatest common divisor of 3477 and 3933?
57
Calculate the greatest common factor of 257563 and 543.
181
What is the highest common divisor of 6209 and 91?
7
What is the greatest common divisor of 62 and 978143?
31
What is the highest common factor of 74493 and 3?
3
What is the highest common divisor of 162 and 1152?
18
What is the highest common divisor of 243 and 322839?
27
What is the highest common divisor of 187 and 1139?
17
What is the greatest common divisor of 360 and 54630?
90
What is the greatest common divisor of 3445